{"id":8,"date":"2023-12-27T03:41:57","date_gmt":"2023-12-27T02:41:57","guid":{"rendered":"https:\/\/padelmaster.pa\/?page_id=8"},"modified":"2024-06-08T06:04:39","modified_gmt":"2024-06-08T04:04:39","slug":"canchas-de-padel-venta-panama","status":"publish","type":"page","link":"https:\/\/padelmaster.pa\/","title":{"rendered":"canchas de padel venta panama"},"content":{"rendered":"<section class=\"wpb-content-wrapper\"><p>[vc_row full_width=&#8221;stretch_row&#8221; css=&#8221;.vc_custom_1714172275084{margin-top: -50px !important;background-position: center !important;background-repeat: no-repeat !important;background-size: cover !important;}&#8221;][vc_column][vc_row_inner][vc_column_inner]\n\t\t\t<!-- START portada REVOLUTION SLIDER 6.6.16 --><p class=\"rs-p-wp-fix\"><\/p>\n\t\t\t<rs-module-wrap id=\"rev_slider_1_1_wrapper\" data-source=\"gallery\" style=\"visibility:hidden;background:#fafafa;padding:0;margin:0px auto;margin-top:0;margin-bottom:0;\">\n\t\t\t\t<rs-module id=\"rev_slider_1_1\" style=\"\" data-version=\"6.6.16\">\n\t\t\t\t\t<rs-slides style=\"overflow: hidden; position: absolute;\">\n\t\t\t\t\t\t<rs-slide style=\"position: absolute;\" data-key=\"rs-1\" data-title=\"Slide\" data-in=\"o:0;\" data-out=\"a:false;\">\n\t\t\t\t\t\t\t<img decoding=\"async\" src=\"\/\/padelmaster.pa\/wp-content\/plugins\/revslider\/public\/assets\/assets\/dummy.png\" alt=\"\" title=\"canchas de padel venta panama\" class=\"rev-slidebg tp-rs-img rs-lazyload\" data-lazyload=\"\/\/padelmaster.pa\/wp-content\/plugins\/revslider\/public\/assets\/assets\/transparent.png\" data-parallax=\"off\" data-no-retina>\n\t\t\t\t\t\t\t<rs-bgvideo \n\t\t\t\t\t\t\t\tdata-video=\"vc:none;w:100%;h:100%;nse:false;l:true;ptimer:true;\"\n\t\t\t\t\t\t\t\tdata-vimeoid=\"852885612\"\n\t\t\t\t\t\t\t\tdata-vatr=\"background=1&amp;title=0&amp;byline=0&amp;portrait=0&amp;api=1\"\n\t\t\t\t\t\t\t><\/rs-bgvideo>\n<!---->\t\t\t\t\t\t<\/rs-slide>\n\t\t\t\t\t\t<rs-slide style=\"position: absolute;\" data-key=\"rs-11\" data-title=\"Slide\" data-in=\"o:0;\" data-out=\"a:false;\">\n\t\t\t\t\t\t\t<img decoding=\"async\" src=\"\/\/padelmaster.pa\/wp-content\/plugins\/revslider\/public\/assets\/assets\/dummy.png\" alt=\"\" title=\"canchas de padel venta panama\" class=\"rev-slidebg tp-rs-img rs-lazyload\" data-lazyload=\"\/\/padelmaster.pa\/wp-content\/plugins\/revslider\/public\/assets\/assets\/transparent.png\" data-parallax=\"off\" data-no-retina>\n\t\t\t\t\t\t\t<rs-bgvideo \n\t\t\t\t\t\t\t\tdata-video=\"vc:none;w:100%;h:100%;nse:false;l:true;ptimer:true;\"\n\t\t\t\t\t\t\t\tdata-vimeoid=\"852885612\"\n\t\t\t\t\t\t\t\tdata-vatr=\"background=1&amp;title=0&amp;byline=0&amp;portrait=0&amp;api=1\"\n\t\t\t\t\t\t\t><\/rs-bgvideo>\n<!---->\t\t\t\t\t\t<\/rs-slide>\n\t\t\t\t\t<\/rs-slides>\n\t\t\t\t<\/rs-module>\n\t\t\t\t<script>\n\t\t\t\t\tsetREVStartSize({c: 'rev_slider_1_1',rl:[1240,1024,778,480],el:[430],gw:[875],gh:[430],type:'standard',justify:'',layout:'fullwidth',mh:\"270px\"});if (window.RS_MODULES!==undefined && window.RS_MODULES.modules!==undefined && window.RS_MODULES.modules[\"revslider11\"]!==undefined) {window.RS_MODULES.modules[\"revslider11\"].once = false;window.revapi1 = undefined;if (window.RS_MODULES.checkMinimal!==undefined) window.RS_MODULES.checkMinimal()}\n\t\t\t\t<\/script>\n\t\t\t<\/rs-module-wrap>\n\t\t\t<!-- END REVOLUTION SLIDER -->\n[\/vc_column_inner][\/vc_row_inner][vc_row_inner][vc_column_inner width=&#8221;1\/2&#8243;][vc_empty_space][vc_column_text]<\/p>\n<h2><span style=\"color: #000000;\"><strong>CANCHAS DE PADEL PANAMA<\/strong><\/span><\/h2>\n<p><span style=\"color: #000000;\">En Padel Master Courts somos expertos en acero e infraestructura deportiva aplicada al padel. <strong>Durante a\u00f1os, nos hemos especializado\u00a0 en el dise\u00f1o, fabricaci\u00f3n e instalaci\u00f3n de canchas de padel para Panam\u00e1, M\u00e9xico, Caribe y el resto del mundo.<\/strong><\/span>[\/vc_column_text][\/vc_column_inner][vc_column_inner width=&#8221;1\/2&#8243;][vc_empty_space][vc_column_text]<\/p>\n<h2><span style=\"color: #000000;\"><strong>CANCHAS\u00a0 INTERNACIONALES<\/strong><\/span><\/h2>\n<p><span style=\"color: #000000;\">En el \u00faltimo tiempo hemos sido protagonistas con nuestras pistas de eventos tan grandes como el World Padel Tour el 2023, A1 Padel y en dos ocaciones la pista oficial del Pala Tour Fest, que re\u00fane cada a\u00f1o a los mejores 8 jugadores de padel del circuito.\u00a0<\/span>[\/vc_column_text][\/vc_column_inner][\/vc_row_inner][vc_separator color=&#8221;white&#8221; border_width=&#8221;2&#8243;][vc_row_inner css=&#8221;.vc_custom_1714172393274{background-color: !important;}&#8221;][vc_column_inner][vc_single_image image=&#8221;527&#8243; img_size=&#8221;full&#8221;][vc_empty_space height=&#8221;16&#8243;][vc_column_text]<\/p>\n<h2><span style=\"color: #000000;\"><strong>SOMOS LA PISTA OFICIAL<\/strong><\/span><\/h2>\n<p style=\"text-align: left;\">\u00a1Desde mayo de 2024, Padel Courts Master se convierte en la pista oficial de p\u00e1del, junto con dos pistas auxiliares, para Premier Padel en Chile! Nos llena de orgullo haber sido seleccionados para este rol destacado, lo que representa el reconocimiento a nuestro arduo trabajo y dedicaci\u00f3n. Ser la pista oficial del evento m\u00e1s importante a nivel mundial es un logro que nos impulsa a seguir mejorando y ofreciendo siempre lo mejor en cada juego.<\/p>\n<p>[\/vc_column_text][vc_empty_space][\/vc_column_inner][\/vc_row_inner][\/vc_column][\/vc_row][vc_row full_width=&#8221;stretch_row&#8221; css=&#8221;.vc_custom_1712683428923{margin-top: -50px !important;background-color: #ffffff !important;background-position: center !important;background-repeat: no-repeat !important;background-size: cover !important;}&#8221;][vc_column][vc_row_inner][vc_column_inner][vc_empty_space][\/vc_column_inner][\/vc_row_inner][vc_row_inner][vc_column_inner width=&#8221;1\/3&#8243;][vc_single_image image=&#8221;312&#8243; img_size=&#8221;full&#8221;][vc_empty_space][vc_column_text el_class=&#8221;camila&#8221;]<\/p>\n<h5><span style=\"color: #333333;\"><strong>\u2023 WPT 2023<\/strong><\/span><\/h5>\n<p><span style=\"color: #333333;\">Cancha oficial de padel Chile Padel Open by World Padel Tour 2023.<\/span>[\/vc_column_text][vc_single_image image=&#8221;377&#8243; img_size=&#8221;full&#8221;][vc_empty_space][vc_column_text el_class=&#8221;camila&#8221;]<\/p>\n<h5><span style=\"color: #333333;\"><strong>\u2023 PERU <\/strong><\/span><\/h5>\n<p><span style=\"color: #0166d8;\"><span style=\"color: #333333;\">10 canchas instaladas en los clubes mas prestigiosos de Lima, Peru.<\/span><br \/>\n<\/span>[\/vc_column_text][vc_single_image image=&#8221;497&#8243; img_size=&#8221;full&#8221;][vc_empty_space][vc_column_text el_class=&#8221;camila&#8221;]<\/p>\n<h5><span style=\"color: #333333;\"><strong>\u2023 Colombia<\/strong><\/span><\/h5>\n<p><span style=\"color: #0166d8;\"><span style=\"color: #333333;\">Instalamos 4 canchas de padel en Locos X Padel, uno de los referentes del padel en Colombia.<\/span><br \/>\n<\/span>[\/vc_column_text][\/vc_column_inner][vc_column_inner width=&#8221;1\/3&#8243;][vc_single_image image=&#8221;370&#8243; img_size=&#8221;full&#8221;][vc_empty_space][vc_column_text el_class=&#8221;camila&#8221;]<\/p>\n<h5><span style=\"color: #000000;\">\u2023 PALA TOUR 2023<\/span><\/h5>\n<p><span style=\"color: #000000;\">Nuevamente somos la cancha oficial de uno de los eventos padel mas grandes del mundo.<\/span>[\/vc_column_text][vc_single_image image=&#8221;495&#8243; img_size=&#8221;full&#8221;][vc_empty_space][vc_column_text el_class=&#8221;camila&#8221;]<\/p>\n<h5><span style=\"color: #000000;\">\u2023 ISLA DE PASCUA<\/span><\/h5>\n<p><span style=\"color: #000000;\">Instalamos dos canchas de padel de lujo en el ombligo del mundo.<\/span>[\/vc_column_text][vc_single_image image=&#8221;377&#8243; img_size=&#8221;full&#8221;][vc_empty_space][vc_column_text el_class=&#8221;camila&#8221;]<\/p>\n<h5><span style=\"color: #000000;\">\u2023 ECUADOR<\/span><\/h5>\n<p><span style=\"color: #000000;\">4 canchas de padel instaladas en la mayor universidad de Ecuador, en Salinas.<\/span>[\/vc_column_text][\/vc_column_inner][vc_column_inner width=&#8221;1\/3&#8243;][vc_single_image image=&#8221;372&#8243; img_size=&#8221;full&#8221;][vc_empty_space][vc_column_text el_class=&#8221;camila&#8221;]<\/p>\n<h5><span style=\"color: #000000;\">\u2023 MIAMI PADEL LIFE<\/span><\/h5>\n<p><span style=\"color: #000000;\">3 canchas de padel de lujo instaladas en uno de los referentes del padel en Miami.<\/span>[\/vc_column_text][vc_single_image image=&#8221;374&#8243; img_size=&#8221;full&#8221;][vc_empty_space][vc_column_text el_class=&#8221;camila&#8221;]<\/p>\n<h5><span style=\"color: #000000;\">\u2023 BOLIVIA <\/span><\/h5>\n<p><span style=\"color: #000000;\">9 canchas de padel instaladas en los mejores clubes de Santa Cruz y La Paz<\/span>[\/vc_column_text][vc_single_image image=&#8221;376&#8243; img_size=&#8221;full&#8221;][vc_empty_space][vc_column_text el_class=&#8221;camila&#8221;]<\/p>\n<h5><span style=\"color: #000000;\">\u2023 UC CHILE<\/span><\/h5>\n<p><span style=\"color: #000000;\">3 canchas profesionales WORLD PADEL TOUR instaladas en uno de los mejores clubes deportivos de Chile.<\/span>[\/vc_column_text][\/vc_column_inner][\/vc_row_inner][vc_empty_space][vc_separator color=&#8221;white&#8221; border_width=&#8221;2&#8243;][\/vc_column][\/vc_row][vc_row full_width=&#8221;stretch_row&#8221; css=&#8221;.vc_custom_1717819476197{background: #000000 url(https:\/\/padelmaster.pa\/wp-content\/uploads\/2023\/09\/footer-padel-court-for-sale-usa.jpg?id=16) !important;background-position: center !important;background-repeat: no-repeat !important;background-size: cover !important;}&#8221;][vc_column width=&#8221;1\/3&#8243;][vc_empty_space][vc_column_text el_class=&#8221;camila&#8221;]<\/p>\n<h5><span style=\"color: #ffffff;\"><strong>\u2023 CANCHAS PREMIUM<\/strong><\/span><\/h5>\n<p><span style=\"color: #ffffff;\">Tecnolog\u00eda 3D, l\u00e1ser y rob\u00f3tica para el mejor nivel de detalles. <\/span>[\/vc_column_text][vc_column_text el_class=&#8221;camila&#8221;]<\/p>\n<h5><span style=\"color: #ffffff;\"><strong>\u2023 CANCHAS DE LUJOS<\/strong><\/span><\/h5>\n<p><span style=\"color: #ffffff;\">Pistas de lujo profesionales para todo tipo de uso.<\/span>[\/vc_column_text][vc_column_text el_class=&#8221;camila&#8221;]<\/p>\n<h5><span style=\"color: #ffffff;\"><strong>\u2023 GARANTIA<\/strong><\/span><\/h5>\n<p><span style=\"color: #ffffff;\">Nuestras canchas de padel Mexico con garantia por muchos a\u00f1os.<\/span>[\/vc_column_text][\/vc_column][vc_column width=&#8221;1\/3&#8243;][vc_empty_space][vc_column_text el_class=&#8221;camila&#8221;]<\/p>\n<h5><span style=\"color: #ffffff;\">\u2023 MAESTROS<\/span><\/h5>\n<p><span style=\"color: #ffffff;\">Canchas de padel a medida con la mejor tecnolog\u00eda.<\/span>[\/vc_column_text][vc_column_text el_class=&#8221;camila&#8221;]<\/p>\n<h5><span style=\"color: #ffffff;\">\u2023 RECONOCIMIENTO<\/span><\/h5>\n<p><span style=\"color: #ffffff;\">+ DE 1,300 canchas de padel instaladas alrededor del mundo avalan nuestra calidad.<\/span>[\/vc_column_text][vc_column_text el_class=&#8221;camila&#8221;]<\/p>\n<h5><span style=\"color: #ffffff;\">\u2023 EQUIPO UNICO<\/span><\/h5>\n<p><span style=\"color: #ffffff;\">Nuestra planta cuenta con m\u00e1s de 80 personas expertas en padel.<\/span>[\/vc_column_text][\/vc_column][vc_column width=&#8221;1\/3&#8243;][vc_empty_space][vc_column_text el_class=&#8221;camila&#8221;]<\/p>\n<h5><span style=\"color: #ffffff;\">\u2023 SOMOS EXPERTOS<\/span><\/h5>\n<p><span style=\"color: #ffffff;\">Pista oficial del WPT 2023 CHILE y Pala Tour 2023.<\/span>[\/vc_column_text][vc_column_text el_class=&#8221;camila&#8221;]<\/p>\n<h5><span style=\"color: #ffffff;\">\u2023 FIP<\/span><\/h5>\n<p><span style=\"color: #ffffff;\">Nuestras canchas de padel bajo la normativa del Eurocode.<\/span>[\/vc_column_text][vc_column_text el_class=&#8221;camila&#8221;]<\/p>\n<h5><span style=\"color: #ffffff;\">\u2023 ACABADO UNICO<\/span><\/h5>\n<p><span style=\"color: #ffffff;\">Canchas galvanizadas en caliente y polvo de pintura.<\/span>[\/vc_column_text][\/vc_column][\/vc_row]<\/p>\n<\/section>","protected":false},"excerpt":{"rendered":"<p>[vc_row full_width=&#8221;stretch_row&#8221; css=&#8221;.vc_custom_1714172275084{margin-top: -50px !important;background-position: center !important;background-repeat: no-repeat !important;background-size: cover !important;}&#8221;][vc_column][vc_row_inner][vc_column_inner][\/vc_column_inner][\/vc_row_inner][vc_row_inner][vc_column_inner width=&#8221;1\/2&#8243;][vc_empty_space][vc_column_text] CANCHAS DE PADEL PANAMA En Padel Master Courts somos expertos en acero e infraestructura deportiva aplicada al padel. Durante a\u00f1os, nos hemos especializado\u00a0 en el dise\u00f1o, fabricaci\u00f3n e instalaci\u00f3n de canchas de padel para Panam\u00e1, M\u00e9xico, Caribe y el resto del mundo.[\/vc_column_text][\/vc_column_inner][vc_column_inner width=&#8221;1\/2&#8243;][vc_empty_space][vc_column_text] [&hellip;]<\/p>\n","protected":false},"author":1,"featured_media":0,"parent":0,"menu_order":0,"comment_status":"closed","ping_status":"closed","template":"","meta":{"footnotes":""},"yoast_head":"<!-- This site is optimized with the Yoast SEO plugin v23.2 - https:\/\/yoast.com\/wordpress\/plugins\/seo\/ -->\n<title>canchas de padel venta panama - Venta instalacion, fabricaci\u00f3n canchas de Padel Panama y Centroamerica<\/title>\n<meta name=\"robots\" content=\"index, follow, max-snippet:-1, max-image-preview:large, max-video-preview:-1\" \/>\n<link rel=\"canonical\" href=\"https:\/\/padelmaster.pa\/\" \/>\n<meta property=\"og:locale\" content=\"en_US\" \/>\n<meta property=\"og:type\" content=\"article\" \/>\n<meta property=\"og:title\" content=\"canchas de padel venta panama - Venta instalacion, fabricaci\u00f3n canchas de Padel Panama y Centroamerica\" \/>\n<meta property=\"og:description\" content=\"[vc_row full_width=&#8221;stretch_row&#8221; css=&#8221;.vc_custom_1714172275084{margin-top: -50px !important;background-position: center !important;background-repeat: no-repeat !important;background-size: cover !important;}&#8221;][vc_column][vc_row_inner][vc_column_inner][\/vc_column_inner][\/vc_row_inner][vc_row_inner][vc_column_inner width=&#8221;1\/2&#8243;][vc_empty_space][vc_column_text] CANCHAS DE PADEL PANAMA En Padel Master Courts somos expertos en acero e infraestructura deportiva aplicada al padel. Durante a\u00f1os, nos hemos especializado\u00a0 en el dise\u00f1o, fabricaci\u00f3n e instalaci\u00f3n de canchas de padel para Panam\u00e1, M\u00e9xico, Caribe y el resto del mundo.[\/vc_column_text][\/vc_column_inner][vc_column_inner width=&#8221;1\/2&#8243;][vc_empty_space][vc_column_text] [&hellip;]\" \/>\n<meta property=\"og:url\" content=\"https:\/\/padelmaster.pa\/\" \/>\n<meta property=\"og:site_name\" content=\"Venta instalacion, fabricaci\u00f3n canchas de Padel Panama y Centroamerica\" \/>\n<meta property=\"article:modified_time\" content=\"2024-06-08T04:04:39+00:00\" \/>\n<meta name=\"twitter:card\" content=\"summary_large_image\" \/>\n<meta name=\"twitter:label1\" content=\"Est. reading time\" \/>\n\t<meta name=\"twitter:data1\" content=\"5 minutes\" \/>\n<script type=\"application\/ld+json\" class=\"yoast-schema-graph\">{\"@context\":\"https:\/\/schema.org\",\"@graph\":[{\"@type\":\"WebPage\",\"@id\":\"https:\/\/padelmaster.pa\/\",\"url\":\"https:\/\/padelmaster.pa\/\",\"name\":\"canchas de padel venta panama - Venta instalacion, fabricaci\u00f3n canchas de Padel Panama y Centroamerica\",\"isPartOf\":{\"@id\":\"https:\/\/padelmaster.pa\/#website\"},\"datePublished\":\"2023-12-27T02:41:57+00:00\",\"dateModified\":\"2024-06-08T04:04:39+00:00\",\"breadcrumb\":{\"@id\":\"https:\/\/padelmaster.pa\/#breadcrumb\"},\"inLanguage\":\"en-US\",\"potentialAction\":[{\"@type\":\"ReadAction\",\"target\":[\"https:\/\/padelmaster.pa\/\"]}]},{\"@type\":\"BreadcrumbList\",\"@id\":\"https:\/\/padelmaster.pa\/#breadcrumb\",\"itemListElement\":[{\"@type\":\"ListItem\",\"position\":1,\"name\":\"Portada\",\"item\":\"https:\/\/padelmaster.pa\/\"},{\"@type\":\"ListItem\",\"position\":2,\"name\":\"canchas de padel venta panama\"}]},{\"@type\":\"WebSite\",\"@id\":\"https:\/\/padelmaster.pa\/#website\",\"url\":\"https:\/\/padelmaster.pa\/\",\"name\":\"Venta instalacion, fabricaci\u00f3n canchas de Padel Panama y Centroamerica\",\"description\":\" fabricacion canchas  de Padel Panama\",\"potentialAction\":[{\"@type\":\"SearchAction\",\"target\":{\"@type\":\"EntryPoint\",\"urlTemplate\":\"https:\/\/padelmaster.pa\/?s={search_term_string}\"},\"query-input\":\"required name=search_term_string\"}],\"inLanguage\":\"en-US\"}]}<\/script>\n<!-- \/ Yoast SEO plugin. -->","yoast_head_json":{"title":"canchas de padel venta panama - Venta instalacion, fabricaci\u00f3n canchas de Padel Panama y Centroamerica","robots":{"index":"index","follow":"follow","max-snippet":"max-snippet:-1","max-image-preview":"max-image-preview:large","max-video-preview":"max-video-preview:-1"},"canonical":"https:\/\/padelmaster.pa\/","og_locale":"en_US","og_type":"article","og_title":"canchas de padel venta panama - Venta instalacion, fabricaci\u00f3n canchas de Padel Panama y Centroamerica","og_description":"[vc_row full_width=&#8221;stretch_row&#8221; css=&#8221;.vc_custom_1714172275084{margin-top: -50px !important;background-position: center !important;background-repeat: no-repeat !important;background-size: cover !important;}&#8221;][vc_column][vc_row_inner][vc_column_inner][\/vc_column_inner][\/vc_row_inner][vc_row_inner][vc_column_inner width=&#8221;1\/2&#8243;][vc_empty_space][vc_column_text] CANCHAS DE PADEL PANAMA En Padel Master Courts somos expertos en acero e infraestructura deportiva aplicada al padel. Durante a\u00f1os, nos hemos especializado\u00a0 en el dise\u00f1o, fabricaci\u00f3n e instalaci\u00f3n de canchas de padel para Panam\u00e1, M\u00e9xico, Caribe y el resto del mundo.[\/vc_column_text][\/vc_column_inner][vc_column_inner width=&#8221;1\/2&#8243;][vc_empty_space][vc_column_text] [&hellip;]","og_url":"https:\/\/padelmaster.pa\/","og_site_name":"Venta instalacion, fabricaci\u00f3n canchas de Padel Panama y Centroamerica","article_modified_time":"2024-06-08T04:04:39+00:00","twitter_card":"summary_large_image","twitter_misc":{"Est. reading time":"5 minutes"},"schema":{"@context":"https:\/\/schema.org","@graph":[{"@type":"WebPage","@id":"https:\/\/padelmaster.pa\/","url":"https:\/\/padelmaster.pa\/","name":"canchas de padel venta panama - Venta instalacion, fabricaci\u00f3n canchas de Padel Panama y Centroamerica","isPartOf":{"@id":"https:\/\/padelmaster.pa\/#website"},"datePublished":"2023-12-27T02:41:57+00:00","dateModified":"2024-06-08T04:04:39+00:00","breadcrumb":{"@id":"https:\/\/padelmaster.pa\/#breadcrumb"},"inLanguage":"en-US","potentialAction":[{"@type":"ReadAction","target":["https:\/\/padelmaster.pa\/"]}]},{"@type":"BreadcrumbList","@id":"https:\/\/padelmaster.pa\/#breadcrumb","itemListElement":[{"@type":"ListItem","position":1,"name":"Portada","item":"https:\/\/padelmaster.pa\/"},{"@type":"ListItem","position":2,"name":"canchas de padel venta panama"}]},{"@type":"WebSite","@id":"https:\/\/padelmaster.pa\/#website","url":"https:\/\/padelmaster.pa\/","name":"Venta instalacion, fabricaci\u00f3n canchas de Padel Panama y Centroamerica","description":" fabricacion canchas  de Padel Panama","potentialAction":[{"@type":"SearchAction","target":{"@type":"EntryPoint","urlTemplate":"https:\/\/padelmaster.pa\/?s={search_term_string}"},"query-input":"required name=search_term_string"}],"inLanguage":"en-US"}]}},"_links":{"self":[{"href":"https:\/\/padelmaster.pa\/index.php\/wp-json\/wp\/v2\/pages\/8"}],"collection":[{"href":"https:\/\/padelmaster.pa\/index.php\/wp-json\/wp\/v2\/pages"}],"about":[{"href":"https:\/\/padelmaster.pa\/index.php\/wp-json\/wp\/v2\/types\/page"}],"author":[{"embeddable":true,"href":"https:\/\/padelmaster.pa\/index.php\/wp-json\/wp\/v2\/users\/1"}],"replies":[{"embeddable":true,"href":"https:\/\/padelmaster.pa\/index.php\/wp-json\/wp\/v2\/comments?post=8"}],"version-history":[{"count":49,"href":"https:\/\/padelmaster.pa\/index.php\/wp-json\/wp\/v2\/pages\/8\/revisions"}],"predecessor-version":[{"id":529,"href":"https:\/\/padelmaster.pa\/index.php\/wp-json\/wp\/v2\/pages\/8\/revisions\/529"}],"wp:attachment":[{"href":"https:\/\/padelmaster.pa\/index.php\/wp-json\/wp\/v2\/media?parent=8"}],"curies":[{"name":"wp","href":"https:\/\/api.w.org\/{rel}","templated":true}]}}